ve of 0 - 1/2*k**2 - 8*k + 11/6*k**3. Determine d(-2).
-23
Let x be ((-4)/(-5))/(457/65 + -7). Let t(f) = 2 + 26*f - f**2 + x*f - 57*f. Calculate t(-4).
6
Let i(w) = 2*w + 1. Suppose -2*q + 3*z + 0*z = 10, -4*q - 2*z - 20 = 0. Let h = -22 + q. Let o = h - -30. Determine i(o).
7
Let v(m) be the second derivative of -1/2*m**2 + 0 + 1/3*m**4 - 4*m + 0*m**3 + 1/20*m**5. Let s be v(-4). Let z(g) = -2*g**2 + g + 1. Give z(s).
-2
Let b(g) be the second derivative of -g**5/4 - g**4/12 + 12*g + 9. Determine b(1).
-6
Let t(d) = 3*d + 4. Let g(x) = 7*x + 9. Let h(p) = 4*g(p) - 10*t(p). Suppose w - 3 = 2*f - 15, 0 = -f + 3*w + 11. Determine h(f).
-14
Let l = -15 - -23. Let u be 2/l + 22/8. Let q(t) = -t - t + t - u. Give q(-4).
1
Suppose 0*b = 3*k + b - 7, 4*k - 3*b = 5. Let u(c) = 2 - 1 + k*c**2 - c**2. Give u(2).
5
Let c(m) = 0*m**3 - 16*m + 15*m**2 - 9 - 4*m**3 + m**3. Let h = 5 - 10. Let d(u) = -u**3 + 7*u**2 - 8*u - 4. Let o(w) = h*d(w) + 2*c(w). What is o(-6)?
-10
Let j(y) = -4*y**2 - 6*y - 3. Let g(r) = r**2 + r. Let d(c) = 2*g(c) + j(c). Let x(v) = -v**2 - 10*v - 12. Let b be x(-9). Give d(b).
-9
Let w(m) = 3*m + 1. Let h be (-24)/32 - 5/4. Let p be (h - (-5 - 3)) + (-4 - -1). Calculate w(p).
10
Let r(x) = -x - 5. Let i(u) = -25*u**3 + 2*u**2 - 1. Let f be 30/(-20)*(-4)/6. Let j be i(f). Let b = -20 - j. Give r(b).
-9
Let f(s) be the third derivative of -1/8*s**4 + 0 + 0*s + 1/120*s**6 + 1/20*s**5 - 1/3*s**3 + 11*s**2. Give f(-3).
7
Suppose 0 = -5*x + 2*l + 20, 3*l = -l - 20. Let g = -4 + 6. Let r(i) = 0*i**2 + 2*i - g*i**3 - 100 + i**2 + 99. Determine r(x).
-9
Let c(r) be the second derivative of -r**7/840 + r**6/90 + r**5/20 + r**4/8 + 5*r**3/3 + 13*r. Let i(a) be the second derivative of c(a). Determine i(5).
8
Let x(l) = -17*l + 16*l + 5 + 10 - 1. What is x(8)?
6
Let h(o) = 7*o**2 - 176*o + 15. Let u be h(25). Let d(k) = -k**3 - 9*k**2 + 11*k + 3. Determine d(u).
-7
Let u(p) = p**2 + 3*p + 4. Suppose -3*v - 2 - 4 = 0. Let m be u(v). Let s(t) = -2*t**3 + 2*t - 1. Give s(m).
-13
Let s(v) = -v**2 + 10*v + 2. Suppose -2*b - 4*l = -232, -269 = -4*b + l + 150. Suppose -6*a + b = 70. What is s(a)?
26
Let z(o) = 4*o**3 + 17*o**2 - 18*o + 8. Let i(s) = s**3 + s**2 - s. Let q(r) = -3*i(r) + z(r). Calculate q(-15).
8
Let r(n) = -n**2 + n + 7. Let z(p) = -p**3 + 20*p**2 + 21*p + 2. Let m be z(21). Determine r(m).
5
Let n(g) = -g**3 - 11*g**2 - 17 + 0*g**3 + 13*g - g. Calculate n(-12).
-17
Suppose 5*w + 62 = 7. Let z = 12 + w. Let m(s) = 6*s**3 - 2*s + 1. Calculate m(z).
5
Let b = 31 - 30. Let i(s) = 1. Let u(q) = -20*q + 1. Let y(d) = 2*i(d) - u(d). What is y(b)?
21
Let h(v) = -5*v**3 + 7*v**2 + 14*v. Let y(x) = x**3 - x + 1. Suppose 0 = p + 2*p - 3. Let n(u) = p*h(u) + 6*y(u). What is n(-6)?
-6
Suppose g + 4*w - 43 = 4*g, -4*g - w - 32 = 0. Let a(x) = -x + 4. Calculate a(g).
13
Let x(t) = -t**2 - t. Let m(r) = 4*r**2 + 10*r + 1. Let f(p) = m(p) + 3*x(p). Let k = -209 + 203. Give f(k).
-5
Let o = 52 - 49. Let j(r) be the first derivative of -r**4/4 + 4*r**3/3 + 2*r**2 + 34. Determine j(o).
21
Let i(o) be the first derivative of -o**3/3 - 9*o**2/2 + 45*o + 40. Let f(l) be the first derivative of i(l). Give f(-6).
3
Suppose -5*s + 0*s + 10 = 0. Let c(m) = 2 - 2 - 3*m + s*m. Give c(-4).
4
Let q(c) = -c**3 - c**2 - c + 1. Suppose 20 = 5*k, -3*w = 2*w - 5*k - 40. Suppose -w = 9*z - 5*z. Let i be (z/(-9))/(6/18). What is q(i)?
-2
Let b(y) = -9*y + 6. Suppose -3*m - 3 = -5*r + r, m - 5*r = -1. Let u(n) = -4*n**3 - 4*n**2 - 4*n. Let t be u(m). Determine b(t).
-30
Let k(w) = w**2 - 7*w + 7. Let f be (-13)/91 - (-44)/14. Suppose 8*a - 23 = -f*i + 3*a, 0 = -2*i - a + 13. Determine k(i).
1
Let u = 719 + -735. Let t(p) = -p**2 - 17*p - 4. What is t(u)?
12
Let q(s) = -4*s - 10. Let g be q(-6). Let l = g + -10. Let w(c) = 3*c + 3*c**3 - c**3 + c**2 - l*c**3 + c**3. Calculate w(3).
-9
Suppose 64 = 3*r - 5. Suppose 0 = -v - 0*v + r. Let m = v + -18. Let l(t) = -t + 9. Determine l(m).
4
Let f = 28 - 24. Let l(z) = 6*z + 2*z**3 - 6*z**2 - f*z - 4 - z**3. Give l(6).
8
Let x(n) = n**2 + 12*n + 37. Let v be x(-7). Suppose 3 - 11 = -4*w. Let l(f) = -6*f - f**2 + 4*f**w + 1 - f**2 - f**v. Give l(4).
-7
Let y(k) = k**2 - 3*k + 12. Let h(s) = -11 + 13*s - 33*s + 11*s - s**2 + 13*s. Let n(q) = 7*h(q) + 6*y(q). Determine n(7).
16
Suppose 0 = -5*v + 61 - 16. Suppose -k - v = -4. Let i(n) = -n - 7. Calculate i(k).
-2
Let s(q) = q**2 - 9*q + 5. Let t(r) be the first derivative of r**2/2 - 12*r + 3. Let j(x) = 1. Let l(a) = 22*j(a) + 2*t(a). Let v be l(4). What is s(v)?
-13
Let c(w) = -w - 1. Let g(i) = -i**2 - 13*i + 6. Let h(k) = -5*c(k) + g(k). Let x be h(-9). Let b(a) = -9*a**x + a + a + 1 - a. Calculate b(-1).
-9
Let j be 6*4*(-3 - 56/(-16)). Let q(g) = g**3 - 12*g**2 + 2*g + 3. Determine q(j).
27
Suppose -11 - 29 = -20*x. Let h(z) be the first derivative of z - z**x - 1/3*z**3 - 10. Give h(-2).
1
Let z(j) = j - 24. Let x = -854 - -865. Determine z(x).
-13
Let m(z) = z**3 + 7*z**2 + 4*z - 8. Let x be m(-6). Let a(n) be the first derivative of -21 - 3*n - 2*n**2 + 5/3*n**3 - 1/4*n**4. What is a(x)?
-3
Let t = -357 - -359. Let l(n) = 14*n. Give l(t).
28
Let t(r) = -r**3 - 23*r**2 - 23*r - 18. Let h be t(-22). Let j be (0 + -12)*4/(-16) + h. Let b(p) = -2*p + 7. Determine b(j).
-7
Let m = -5 + 3. Let c(a) = a**3 + a**2 - 3*a - 3. Give c(m).
-1
Suppose 4*n = 4*a - 0*a, 0 = -3*n - 2*a + 5. Let t(u) = 5*u + n - u + u - 4*u. Let p = -3 + 2. Calculate t(p).
0
Let o(w) = w**2 - 1. Let v(u) = -u**3 + u**2 - 4*u + 6. Let n = 4 - 7. Let i(d) = n*o(d) - v(d). Determine i(2).
-3
Let w(z) = -9*z**2 - z + 12. Let y(f) = -4*f**2 + 8. Let n(v) = -3*w(v) + 7*y(v). What is n(6)?
2
Suppose 95 = 6*d + 131. Let c(j) = j**3 + 5*j**2 - 5*j - 8. Determine c(d).
-14
Let v(j) = -3*j**2 - 4*j - 17. Let h(p) = p**2 + p + 4. Let i(m) = 9*h(m) + 2*v(m). Calculate i(-2).
12
Let l(a) = a - 1. Let m(w) = w**3 - 3*w**2 - 9*w - 4. Let g be m(5). Let o(r) = 9*r + 2 - 2*r + 0*r. Let t(v) = g*o(v) + l(v). Give t(1).
9
Suppose -5*w = -9 - 26. Suppose -w*p - 20 = -76. Let m(g) = -g**3 + 8*g**2 + 2*g - 1. Determine m(p).
15
Let f be -2*((-38)/4 - -4). Let v(x) = -2*x + x - f*x**2 + 5 - x**3 - 9*x. Determine v(-10).
5
Let a(q) = q - 1. Let g be ((1 - (-6)/(-3)) + -4)*-1. Suppose 9 = b - o, 4*b - 2*b = -g*o - 3. Determine a(b).
5
Let b(u) = -u**3 + 3*u**2 + 2*u - 4. Suppose -4*n + 24 = 4. Suppose 3*a - 9 = n*c - 25, -4*c = 2*a - 26. Determine b(a).
2
Let b(s) = -s**2 + 5*s - 3. Let y(t) = t**2 - 4*t + 2. Let m(d) = -5*b(d) - 4*y(d). Let w(i) = -4*i - 97. Let r be w(-26). Determine m(r).
-7
Let n(d) be the second derivative of -5/6*d**3 + 5*d - 1/2*d**4 + 3/2*d**2 - 1/20*d**5 + 0. Give n(-5).
3
Let n(g) = 3*g - 3. Let x(v) = -14 + 11*v + 11*v - 21*v. Let a be x(8). Give n(a).
-21
Let q(a) be the first derivative of -15*a**2/2 - 3*a - 10. Let d(n) = 5*n + 1. Let p(o) = 8*d(o) + 3*q(o). What is p(2)?
-11
Let x(i) = -2*i - 14. Let z be x(11). Let s be (3/6)/(3/z). Let b(a) = a**3 + 6*a**2 - a - 3. Give b(s).
3
Let s(a) = a**3 + a**2 + a - 4. Let x be -5*(-6)/45 - 2/3. Calculate s(x).
-4
Let o(t) = -t - 1. Let w be (0 + 2/3)*3. Let c(r) be the third derivative of r**5/20 - r**4/6 + r**3/3 + 10*r**2. Let k be c(w). Give o(k).
-7
Let d(b) be the first derivative of -b**4/12 + 3*b**2 - b + 2. Let m(y) be the first derivative of d(y). Let h = 115 - 115. What is m(h)?
6
Let h(m) be the first derivative of -4*m**2 + m + 7. Suppose x = -3*b + 74, 4*b + x + 4 = 103. Suppose b = d + 23. Give h(d).
-15
Let y = -161 + 163. Let x(l) = 3*l - 2. Give x(y).
4
Let q(b) be the first derivative of -2*b**2 + 6*b - 6. Give q(5).
-14
Let w(h) = -4*h. Suppose 0 = 2*j + 20 + 4. Let s = 22 + j. Let z = s + -12. Calculate w(z).
8
Let v(y) = 2*y**2 + 2. Let c be v(3). Let i = 21 - 35. Let m = c + i. Let h(w) = -2*w + 6. Give h(m).
-6
Let w(o) = o**3 + o**2 - 4*o. Suppose 0 = -5*y + 24*y + 57. What is w(y)?
-6
Let z(d) = -d + 5. Let i be z(5). Let o be 13/(390/24) - (-9)/(-5). Let b(m) = m - 1. Let g(j) = 6*j - 10. Let f(t) = o*g(t) + 5*b(t). Calculate f(i).
5
Suppose -4*b = -5*j - 36, 22 = 5*b - 3*j - 10. Suppose -b*d + 0 = -l + 4, 2*l - 8 = -d. Let t(f) = -f**3 + 3*f**2 + 3*f - 3. Determine t(l).
-7
Let y(m) = -12*m**3 - 2*m**2 + 6*m + 1. Let f(g) = 